{"id":1673,"date":"2013-09-30T21:56:42","date_gmt":"2013-09-30T19:56:42","guid":{"rendered":"https:\/\/blogg.itslav.nu\/?page_id=1673"},"modified":"2021-08-06T22:39:22","modified_gmt":"2021-08-06T20:39:22","slug":"om","status":"publish","type":"page","link":"https:\/\/blogg.itslav.nu\/?page_id=1673","title":{"rendered":"About"},"content":{"rendered":"<p>H\u00e4r har ni en livslevande teknik n\u00f6rd :). Jag heter magnus och \u00e4r 37 \u00e5r gammal. Jobbar inom IT branchen som n\u00e4tverkstekniker. H\u00e4r skriver jag om allt mellan himmel och jord. Men en hel del kommer handla om teknik men \u00e4ven min vardag. Undrar ni n\u00e5got \u00e4r det bara att h\u00f6ra av sig till mig p\u00e5 virus84 [at] gmail [dot] com.<\/p>\n","protected":false},"excerpt":{"rendered":"<p>H\u00e4r har ni en livslevande teknik n\u00f6rd :). Jag heter magnus och \u00e4r 37 \u00e5r gammal. Jobbar inom IT branchen som n\u00e4tverkstekniker. H\u00e4r skriver jag om allt mellan himmel och jord. Men en hel del kommer handla om teknik men \u00e4ven min vardag. Undrar ni n\u00e5got \u00e4r det bara att h\u00f6ra av sig till mig [&hellip;]<\/p>\n","protected":false},"author":2,"featured_media":0,"parent":0,"menu_order":0,"comment_status":"open","ping_status":"open","template":"","meta":{"om_disable_all_campaigns":false,"_monsterinsights_skip_tracking":false,"_monsterinsights_sitenote_active":false,"_monsterinsights_sitenote_note":"","_monsterinsights_sitenote_category":0,"footnotes":""},"class_list":["post-1673","page","type-page","status-publish","hentry"],"aioseo_notices":[],"_links":{"self":[{"href":"https:\/\/blogg.itslav.nu\/index.php?rest_route=\/wp\/v2\/pages\/1673","targetHints":{"allow":["GET"]}}],"collection":[{"href":"https:\/\/blogg.itslav.nu\/index.php?rest_route=\/wp\/v2\/pages"}],"about":[{"href":"https:\/\/blogg.itslav.nu\/index.php?rest_route=\/wp\/v2\/types\/page"}],"author":[{"embeddable":true,"href":"https:\/\/blogg.itslav.nu\/index.php?rest_route=\/wp\/v2\/users\/2"}],"replies":[{"embeddable":true,"href":"https:\/\/blogg.itslav.nu\/index.php?rest_route=%2Fwp%2Fv2%2Fcomments&post=1673"}],"version-history":[{"count":9,"href":"https:\/\/blogg.itslav.nu\/index.php?rest_route=\/wp\/v2\/pages\/1673\/revisions"}],"predecessor-version":[{"id":2623,"href":"https:\/\/blogg.itslav.nu\/index.php?rest_route=\/wp\/v2\/pages\/1673\/revisions\/2623"}],"wp:attachment":[{"href":"https:\/\/blogg.itslav.nu\/index.php?rest_route=%2Fwp%2Fv2%2Fmedia&parent=1673"}],"curies":[{"name":"wp","href":"https:\/\/api.w.org\/{rel}","templated":true}]}}